
False
Is 49977334261 composite?
False
Is 35279779 a composite number?
False
Is 59690941181 prime?
True
Is 18452057699 prime?
False
Is 72093319 prime?
True
Is 15932326049 a composite number?
False
Is 1669617973 prime?
True
Is 52472577109 a composite number?
False
Is 13382394437 a composite number?
False
Is 389460859 a composite number?
False
Is 1329974923 a prime number?
False
Is 5994910979 prime?
False
Is 318837202 a composite number?
True
Is 4713447851 prime?
False
Is 5105104777 composite?
True
Is 8605516187 a composite number?
False
Is 1704380233 prime?
True
Is 358046105 a composite number?
True
Is 3522081019 composite?
False
Is 512052221 composite?
True
Is 1442451929 a composite number?
False
Is 1186417159 a composite number?
False
Is 26313311351 composite?
False
Is 12465082199 a composite number?
False
Is 1515478949 composite?
False
Is 10027842709 a prime number?
True
Is 251103707 a prime number?
True
Is 9341581747 a composite number?
True
Is 9956196011 a prime number?
True
Is 1785734765 prime?
False
Is 225366989 composite?
True
Is 3414794527 composite?
False
Is 457732567 a prime number?
True
Is 2430262499 prime?
False
Is 1734414873 prime?
False
Is 89090616233 prime?
False
Is 43057817263 a composite number?
True
Is 7048597109 a composite number?
True
Is 11034459287 prime?
True
Is 11555168381 a prime number?
True
Is 175452643 composite?
False
Is 101443157 prime?
False
Is 52963394117 a prime number?
True
Is 14803479767 a prime number?
False
Is 420346429 composite?
True
Is 2543757971 prime?
True
Is 1179842633 prime?
True
Is 1696037971 a prime number?
False
Is 23420349991 composite?
True
Is 76437632527 a prime number?
True
Is 113258129 a composite number?
True
Is 2219016871 composite?
True
Is 1041987539 a composite number?
True
Is 2625371887 composite?
False
Is 471739391 prime?
False
Is 7022645363 a prime number?
True
Is 1848156281 composite?
False
Is 12235232081 a composite number?
False
Is 241261157 composite?
True
Is 57880852013 prime?
True
Is 624344911 prime?
True
Is 5879522343 composite?
True
Is 1444064927 a composite number?
True
Is 68096771 a composite number?
False
Is 1411547437 a composite number?
False
Is 437577509 prime?
False
Is 199849811989 a prime number?
True
Is 9479939867 prime?
False
Is 15637292227 prime?
False
Is 3382078138 prime?
False
Is 7254206737 composite?
False
Is 18010793963 prime?
False
Is 4881063389 prime?
True
Is 10343921617 a composite number?
True
Is 316698829 composite?
False
Is 2165554511 a prime number?
False
Is 175058815 a composite number?
True
Is 22623899039 prime?
False
Is 10181462023 a prime number?
True
Is 1269324167 a composite number?
True
Is 108119520667 composite?
True
Is 3441240331 a prime number?
False
Is 296995951 prime?
False
Is 97346138519 a prime number?
False
Is 4063714671 prime?
False
Is 67198044559 a composite number?
False
Is 10680446437 prime?
True
Is 7201268141 composite?
True
Is 1181557189 prime?
False
Is 2593771297 a composite number?
True
Is 374333863 composite?
True
Is 3182516333 prime?
True
Is 13479077 prime?
True
Is 73152143957 a composite number?
False
Is 42235140991 a prime number?
True
Is 5092555981 a composite number?
False
Is 595345417 a composite number?
False
Is 4853409581 a composite number?
False
Is 134555136473 a composite number?
True
Is 2663978227 composite?
False
Is 38007019 prime?
False
Is 115804687 prime?
True
Is 15398915279 a composite number?
True
Is 47333347 composite?
True
Is 1457469383 prime?
False
Is 430413223 a composite number?
False
Is 3616503607 a composite number?
True
Is 151032676219 composite?
False
Is 36553799771 a prime number?
True
Is 105141745 prime?
False
Is 2286076577 a prime number?
True
Is 29264095451 composite?
False
Is 43434708007 composite?
False
Is 3212660917 a prime number?
False
Is 2600969039 composite?
True
Is 1534444903 a prime number?
True
Is 34832122243 composite?
False
Is 632786727 prime?
False
Is 3649766647 composite?
True
Is 12438832123 a composite number?
False
Is 3194735693 prime?
False
Is 71374654321 a prime number?
True
Is 289170509 a prime number?
True
Is 1712058445 a composite number?
True
Is 73438763 a composite number?
False
Is 2363654651 a composite number?
False
Is 5676694207 a composite number?
False
Is 13459920497 a composite number?
False
Is 573006059 prime?
True
Is 5666851193 composite?
True
Is 758492923 prime?
False
Is 2571143933 a prime number?
True
Is 589532767 a composite number?
True
Is 62833643707 prime?
False
Is 1566331517 a prime number?
True
Is 2976219149 a prime number?
False
Is 722287801 prime?
False
Is 20123624783 a composite number?
False
Is 13367298211 composite?
False
Is 1418214643 a prime number?
True
Is 155214659 composite?
True
Is 6649638657 composite?
True
Is 53975587 a composite number?
False
Is 23475246737 prime?
True
Is 107807593193 composite?
True
Is 120123889 prime?
True
Is 630827437 a prime number?
True
Is 505680707 prime?
False
Is 53184533837 a composite number?
False
Is 4067490001 a prime number?
False
Is 701673593 a prime number?
True
Is 152229859 a prime number?
True
Is 12419034737 composite?
False
Is 1184167081 prime?
False
Is 1672098691 prime?
False
Is 14848774819 a composite number?
False
Is 1351507727 prime?
False
Is 722675939 prime?
False
Is 45006524015 a prime number?
False
Is 7745688707 a prime number?
False
Is 5537779129 prime?
False
Is 7470187657 a prime number?
True
Is 463205593 composite?
False
Is 143295263 a composite number?
False
Is 22793342213 prime?
True
Is 21023165183 composite?
False
Is 849459629 a prime number?
False
Is 28854463669 composite?
False
Is 13185927613 prime?
True
Is 796984139 prime?
False
Is 6981660467 prime?
True
Is 9796834013 prime?
False
Is 195084749 a prime number?
True
Is 2030496467 a prime number?
True
Is 1389465494 composite?
True
Is 135804746951 a composite number?
False
Is 6697309769 prime?
True
Is 370012687 a composite number?
True
Is 2522564693 a prime number?
False
Is 3483913877 prime?
True
Is 80631541703 a composite number?
False
Is 1885248979 composite?
True
Is 343041843679 composite?
False
Is 4272469639 prime?
True
Is 27333339641 prime?
True
Is 3936170807 a prime number?
True
Is 145438547 prime?
True
Is 282124283 a prime number?
False
Is 44013699763 prime?
False
Is 721993582 a composite number?
True
Is 1658567699 a composite number?
False
Is 26565464659 a prime number?
True
Is 20354587459 composite?
True
Is 172010763983 composite?
True
Is 695307079 a prime number?
False
Is 7280409169 a composite number?
True
Is 198251749 prime?
True
Is 323008837 composite?
False
Is 2513491573 composite?
True
Is 5307260891 a composite number?
False
Is 6991448899 a composite number?
False
Is 21808199129 a prime number?
True
Is 6481960217 a prime number?
False
Is 8859580259 prime?
True
Is 613845655 prime?
False
Is 796518751 prime?
False
Is 3129558599 composite?
True
Is 34353428639 a composite number?
False
Is 26266175803 composite?
True
Is 3449495734 composite?
True
Is 911653861 a prime number?
True
Is 12502739581 a prime number?
True
Is 23310085399 prime?
True
Is 1980232693 a composite number?
True
Is 6033632771 a prime number?
True
Is 2123057681 prime?
True
Is 2369879377 a prime number?
True
Is 1233976567 composite?
False
Is 53806649479 a composite number?
True
Is 412269841 a composite number?
False
Is 395659997 prime?
True
Is 95027774339 composite?
False
Is 167981513 a composite number?
True
Is 1790139079 composite?
True
Is 54137487311 composite?
True
Is 29887747267 a composite number?
True
Is 5291320789 composite?
False
Is 263013455171 a composite number?
False
Is 17188361237 a composite number?
False
Is 1014401293 a composite number?
True
Is 1029105157 a composite number?
False
Is 23096971 a prime number?
True
Is 5307982079 a composite number?
False
Is 1615131319 a composite number?
False
Is 7013964343 prime?
True
Is 199453650657 prime?
False
Is 36261736573 a prime number?
False
Is 89971318 a composite number?
True
Is 148390037 composite?
False
Is 1942719463 a prime number?
False
Is 7639005839 a prime number?
False
Is 356841361781 a prime number?
True
Is 175973389 composite?
False
Is 78704977763 prime?
False
Is 15457523563 composite?
False
Is 16473055867 a prime number?
True
Is 7022008963 prime?
True
Is 4083584081 a composite number?
False
Is 516420553 a pr